{"id":11059,"date":"2025-12-01T19:17:04","date_gmt":"2025-12-01T18:17:04","guid":{"rendered":"https:\/\/hugorodriguez.com\/escuela\/?post_type=product&#038;p=11059"},"modified":"2026-01-01T19:29:06","modified_gmt":"2026-01-01T18:29:06","slug":"pack-fotografia-de-viajes-sony-master-camera-course-post-2020","status":"publish","type":"product","link":"https:\/\/hugorodriguez.com\/escuela\/curso-fotografia\/pack-fotografia-de-viajes-sony-master-camera-course-post-2020\/","title":{"rendered":"Pack FOTOGRAFIA de VIAJES + SONY Master Camera Course (Post-2020)"},"content":{"rendered":"<p>Con este pack obtienes dos cursos:<\/p>\n<ul>\n<li><a href=\"https:\/\/hugorodriguez.com\/escuela\/cursos\/curso-de-fotografia-de-viajes-con-tino-soriano\/\">Fotografia de Viajes con Tino Soriano<\/a>, de 5h de duraci\u00f3n, y<\/li>\n<li><a href=\"https:\/\/hugorodriguez.com\/escuela\/cursos\/sony-camera-master-course\/\">SONY Master Camera Course<\/a> (Post-2020 Edition), de 8,5h de duraci\u00f3n<\/li>\n<\/ul>\n<p style=\"text-align: left;\">\n","protected":false},"excerpt":{"rendered":"<p>Un curso de fotografia de viajes en el que Tino Soriano te explicar\u00e1 como obtener fotografias que emocionen en este videocurso de m\u00e1s de 5h. Y un curso de manejo de c\u00e1mara avanzado para modelos SONY lanzados a partir de 2020 (con el nuevo sistema de menus).<\/p>\n","protected":false},"featured_media":11060,"template":"","meta":{"_uag_custom_page_level_css":"","site-sidebar-layout":"default","site-content-layout":"","ast-site-content-layout":"default","site-content-style":"default","site-sidebar-style":"default","ast-global-header-display":"","ast-banner-title-visibility":"","ast-main-header-display":"","ast-hfb-above-header-display":"","ast-hfb-below-header-display":"","ast-hfb-mobile-header-display":"","site-post-title":"","ast-breadcrumbs-content":"","ast-featured-img":"","footer-sml-layout":"","theme-transparent-header-meta":"default","adv-header-id-meta":"","stick-header-meta":"default","header-above-stick-meta":"","header-main-stick-meta":"","header-below-stick-meta":"","astra-migrate-meta-layouts":"set","ast-page-background-enabled":"default","ast-page-background-meta":{"desktop":{"background-color":"","background-image":"","background-repeat":"repeat","background-position":"center center","background-size":"auto","background-attachment":"scroll","background-type":"","background-media":"","overlay-type":"","overlay-color":"","overlay-gradient":""},"tablet":{"background-color":"","background-image":"","background-repeat":"repeat","background-position":"center center","background-size":"auto","background-attachment":"scroll","background-type":"","background-media":"","overlay-type":"","overlay-color":"","overlay-gradient":""},"mobile":{"background-color":"","background-image":"","background-repeat":"repeat","background-position":"center center","background-size":"auto","background-attachment":"scroll","background-type":"","background-media":"","overlay-type":"","overlay-color":"","overlay-gradient":""}},"ast-content-background-meta":{"desktop":{"background-color":"var(--ast-global-color-5)","background-image":"","background-repeat":"repeat","background-position":"center center","background-size":"auto","background-attachment":"scroll","background-type":"","background-media":"","overlay-type":"","overlay-color":"","overlay-gradient":""},"tablet":{"background-color":"var(--ast-global-color-5)","background-image":"","background-repeat":"repeat","background-position":"center center","background-size":"auto","background-attachment":"scroll","background-type":"","background-media":"","overlay-type":"","overlay-color":"","overlay-gradient":""},"mobile":{"background-color":"var(--ast-global-color-5)","background-image":"","background-repeat":"repeat","background-position":"center center","background-size":"auto","background-attachment":"scroll","background-type":"","background-media":"","overlay-type":"","overlay-color":"","overlay-gradient":""}}},"product_brand":[],"product_cat":[55,70],"product_tag":[],"giftcard-category":[],"class_list":{"0":"post-11059","1":"product","2":"type-product","3":"status-publish","4":"has-post-thumbnail","6":"product_cat-camara","7":"product_cat-fotografia-de-viajes","8":"desktop-align-left","9":"tablet-align-left","10":"mobile-align-left","11":"ast-product-gallery-layout-horizontal-slider","12":"ast-product-gallery-with-no-image","13":"ast-product-tabs-layout-horizontal","15":"first","16":"instock","17":"virtual","18":"sold-individually","19":"taxable","20":"purchasable","21":"product-type-simple"},"yoast_head":"<!-- This site is optimized with the Yoast SEO plugin v26.8 - https:\/\/yoast.com\/product\/yoast-seo-wordpress\/ -->\n<title>Pack FOTOGRAFIA de VIAJES + SONY Master Camera Course (Post-2020) - Escuela de fotograf\u00eda<\/title>\n<meta name=\"description\" content=\"Fotos que cambian de color al subirlas a Internet, al imprimirlas\u2026 \u00bfTe suena? Aprende de una vez c\u00f3mo resolver este fastidioso problema con el primer curso online de la mano de un aut\u00e9ntico especialista en el tema.\" \/>\n<meta name=\"robots\" content=\"index, follow, max-snippet:-1, max-image-preview:large, max-video-preview:-1\" \/>\n<link rel=\"canonical\" href=\"https:\/\/hugorodriguez.com\/escuela\/curso-fotografia\/pack-fotografia-de-viajes-sony-master-camera-course-post-2020\/\" \/>\n<meta property=\"og:locale\" content=\"es_ES\" \/>\n<meta property=\"og:type\" content=\"article\" \/>\n<meta property=\"og:title\" content=\"Pack FOTOGRAFIA de VIAJES + SONY Master Camera Course (Post-2020) - Escuela de fotograf\u00eda\" \/>\n<meta property=\"og:description\" content=\"Fotos que cambian de color al subirlas a Internet, al imprimirlas\u2026 \u00bfTe suena? Aprende de una vez c\u00f3mo resolver este fastidioso problema con el primer curso online de la mano de un aut\u00e9ntico especialista en el tema.\" \/>\n<meta property=\"og:url\" content=\"https:\/\/hugorodriguez.com\/escuela\/curso-fotografia\/pack-fotografia-de-viajes-sony-master-camera-course-post-2020\/\" \/>\n<meta property=\"og:site_name\" content=\"Escuela de fotograf\u00eda\" \/>\n<meta property=\"article:modified_time\" content=\"2026-01-01T18:29:06+00:00\" \/>\n<meta property=\"og:image\" content=\"https:\/\/hugorodriguez.com\/escuela\/wp-content\/uploads\/2025\/12\/Pack-Luminar-NEO-Fondo-SONY-Post2020.webp\" \/>\n\t<meta property=\"og:image:width\" content=\"696\" \/>\n\t<meta property=\"og:image:height\" content=\"469\" \/>\n\t<meta property=\"og:image:type\" content=\"image\/webp\" \/>\n<meta name=\"twitter:card\" content=\"summary_large_image\" \/>\n<meta name=\"twitter:label1\" content=\"Tiempo de lectura\" \/>\n\t<meta name=\"twitter:data1\" content=\"1 minuto\" \/>\n<script type=\"application\/ld+json\" class=\"yoast-schema-graph\">{\"@context\":\"https:\/\/schema.org\",\"@graph\":[{\"@type\":\"WebPage\",\"@id\":\"https:\/\/hugorodriguez.com\/escuela\/curso-fotografia\/pack-fotografia-de-viajes-sony-master-camera-course-post-2020\/\",\"url\":\"https:\/\/hugorodriguez.com\/escuela\/curso-fotografia\/pack-fotografia-de-viajes-sony-master-camera-course-post-2020\/\",\"name\":\"Pack FOTOGRAFIA de VIAJES + SONY Master Camera Course (Post-2020) - Escuela de fotograf\u00eda\",\"isPartOf\":{\"@id\":\"https:\/\/hugorodriguez.com\/escuela\/#website\"},\"primaryImageOfPage\":{\"@id\":\"https:\/\/hugorodriguez.com\/escuela\/curso-fotografia\/pack-fotografia-de-viajes-sony-master-camera-course-post-2020\/#primaryimage\"},\"image\":{\"@id\":\"https:\/\/hugorodriguez.com\/escuela\/curso-fotografia\/pack-fotografia-de-viajes-sony-master-camera-course-post-2020\/#primaryimage\"},\"thumbnailUrl\":\"https:\/\/hugorodriguez.com\/escuela\/wp-content\/uploads\/2025\/12\/Pack-Luminar-NEO-Fondo-SONY-Post2020.webp\",\"datePublished\":\"2025-12-01T18:17:04+00:00\",\"dateModified\":\"2026-01-01T18:29:06+00:00\",\"description\":\"Fotos que cambian de color al subirlas a Internet, al imprimirlas\u2026 \u00bfTe suena? Aprende de una vez c\u00f3mo resolver este fastidioso problema con el primer curso online de la mano de un aut\u00e9ntico especialista en el tema.\",\"breadcrumb\":{\"@id\":\"https:\/\/hugorodriguez.com\/escuela\/curso-fotografia\/pack-fotografia-de-viajes-sony-master-camera-course-post-2020\/#breadcrumb\"},\"inLanguage\":\"es\",\"potentialAction\":[{\"@type\":\"ReadAction\",\"target\":[\"https:\/\/hugorodriguez.com\/escuela\/curso-fotografia\/pack-fotografia-de-viajes-sony-master-camera-course-post-2020\/\"]}]},{\"@type\":\"ImageObject\",\"inLanguage\":\"es\",\"@id\":\"https:\/\/hugorodriguez.com\/escuela\/curso-fotografia\/pack-fotografia-de-viajes-sony-master-camera-course-post-2020\/#primaryimage\",\"url\":\"https:\/\/hugorodriguez.com\/escuela\/wp-content\/uploads\/2025\/12\/Pack-Luminar-NEO-Fondo-SONY-Post2020.webp\",\"contentUrl\":\"https:\/\/hugorodriguez.com\/escuela\/wp-content\/uploads\/2025\/12\/Pack-Luminar-NEO-Fondo-SONY-Post2020.webp\",\"width\":696,\"height\":469},{\"@type\":\"BreadcrumbList\",\"@id\":\"https:\/\/hugorodriguez.com\/escuela\/curso-fotografia\/pack-fotografia-de-viajes-sony-master-camera-course-post-2020\/#breadcrumb\",\"itemListElement\":[{\"@type\":\"ListItem\",\"position\":1,\"name\":\"Portada\",\"item\":\"https:\/\/hugorodriguez.com\/escuela\/\"},{\"@type\":\"ListItem\",\"position\":2,\"name\":\"Tienda\",\"item\":\"https:\/\/hugorodriguez.com\/escuela\/tienda\/\"},{\"@type\":\"ListItem\",\"position\":3,\"name\":\"Pack FOTOGRAFIA de VIAJES + SONY Master Camera Course (Post-2020)\"}]},{\"@type\":\"WebSite\",\"@id\":\"https:\/\/hugorodriguez.com\/escuela\/#website\",\"url\":\"https:\/\/hugorodriguez.com\/escuela\/\",\"name\":\"Escuela de fotograf\u00eda\",\"description\":\"Escuela online de fotografia de Hugo Rodriguez\",\"publisher\":{\"@id\":\"https:\/\/hugorodriguez.com\/escuela\/#organization\"},\"potentialAction\":[{\"@type\":\"SearchAction\",\"target\":{\"@type\":\"EntryPoint\",\"urlTemplate\":\"https:\/\/hugorodriguez.com\/escuela\/?s={search_term_string}\"},\"query-input\":{\"@type\":\"PropertyValueSpecification\",\"valueRequired\":true,\"valueName\":\"search_term_string\"}}],\"inLanguage\":\"es\"},{\"@type\":\"Organization\",\"@id\":\"https:\/\/hugorodriguez.com\/escuela\/#organization\",\"name\":\"Escuela de fotograf\u00eda\",\"url\":\"https:\/\/hugorodriguez.com\/escuela\/\",\"logo\":{\"@type\":\"ImageObject\",\"inLanguage\":\"es\",\"@id\":\"https:\/\/hugorodriguez.com\/escuela\/#\/schema\/logo\/image\/\",\"url\":\"https:\/\/hugorodriguez.com\/escuela\/wp-content\/uploads\/2023\/11\/cropped-Loho-hugorodriguez-escuela.webp\",\"contentUrl\":\"https:\/\/hugorodriguez.com\/escuela\/wp-content\/uploads\/2023\/11\/cropped-Loho-hugorodriguez-escuela.webp\",\"width\":671,\"height\":201,\"caption\":\"Escuela de fotograf\u00eda\"},\"image\":{\"@id\":\"https:\/\/hugorodriguez.com\/escuela\/#\/schema\/logo\/image\/\"}}]}<\/script>\n<!-- \/ Yoast SEO plugin. -->","yoast_head_json":{"title":"Pack FOTOGRAFIA de VIAJES + SONY Master Camera Course (Post-2020) - Escuela de fotograf\u00eda","description":"Fotos que cambian de color al subirlas a Internet, al imprimirlas\u2026 \u00bfTe suena? Aprende de una vez c\u00f3mo resolver este fastidioso problema con el primer curso online de la mano de un aut\u00e9ntico especialista en el tema.","robots":{"index":"index","follow":"follow","max-snippet":"max-snippet:-1","max-image-preview":"max-image-preview:large","max-video-preview":"max-video-preview:-1"},"canonical":"https:\/\/hugorodriguez.com\/escuela\/curso-fotografia\/pack-fotografia-de-viajes-sony-master-camera-course-post-2020\/","og_locale":"es_ES","og_type":"article","og_title":"Pack FOTOGRAFIA de VIAJES + SONY Master Camera Course (Post-2020) - Escuela de fotograf\u00eda","og_description":"Fotos que cambian de color al subirlas a Internet, al imprimirlas\u2026 \u00bfTe suena? Aprende de una vez c\u00f3mo resolver este fastidioso problema con el primer curso online de la mano de un aut\u00e9ntico especialista en el tema.","og_url":"https:\/\/hugorodriguez.com\/escuela\/curso-fotografia\/pack-fotografia-de-viajes-sony-master-camera-course-post-2020\/","og_site_name":"Escuela de fotograf\u00eda","article_modified_time":"2026-01-01T18:29:06+00:00","og_image":[{"width":696,"height":469,"url":"https:\/\/hugorodriguez.com\/escuela\/wp-content\/uploads\/2025\/12\/Pack-Luminar-NEO-Fondo-SONY-Post2020.webp","type":"image\/webp"}],"twitter_card":"summary_large_image","twitter_misc":{"Tiempo de lectura":"1 minuto"},"schema":{"@context":"https:\/\/schema.org","@graph":[{"@type":"WebPage","@id":"https:\/\/hugorodriguez.com\/escuela\/curso-fotografia\/pack-fotografia-de-viajes-sony-master-camera-course-post-2020\/","url":"https:\/\/hugorodriguez.com\/escuela\/curso-fotografia\/pack-fotografia-de-viajes-sony-master-camera-course-post-2020\/","name":"Pack FOTOGRAFIA de VIAJES + SONY Master Camera Course (Post-2020) - Escuela de fotograf\u00eda","isPartOf":{"@id":"https:\/\/hugorodriguez.com\/escuela\/#website"},"primaryImageOfPage":{"@id":"https:\/\/hugorodriguez.com\/escuela\/curso-fotografia\/pack-fotografia-de-viajes-sony-master-camera-course-post-2020\/#primaryimage"},"image":{"@id":"https:\/\/hugorodriguez.com\/escuela\/curso-fotografia\/pack-fotografia-de-viajes-sony-master-camera-course-post-2020\/#primaryimage"},"thumbnailUrl":"https:\/\/hugorodriguez.com\/escuela\/wp-content\/uploads\/2025\/12\/Pack-Luminar-NEO-Fondo-SONY-Post2020.webp","datePublished":"2025-12-01T18:17:04+00:00","dateModified":"2026-01-01T18:29:06+00:00","description":"Fotos que cambian de color al subirlas a Internet, al imprimirlas\u2026 \u00bfTe suena? Aprende de una vez c\u00f3mo resolver este fastidioso problema con el primer curso online de la mano de un aut\u00e9ntico especialista en el tema.","breadcrumb":{"@id":"https:\/\/hugorodriguez.com\/escuela\/curso-fotografia\/pack-fotografia-de-viajes-sony-master-camera-course-post-2020\/#breadcrumb"},"inLanguage":"es","potentialAction":[{"@type":"ReadAction","target":["https:\/\/hugorodriguez.com\/escuela\/curso-fotografia\/pack-fotografia-de-viajes-sony-master-camera-course-post-2020\/"]}]},{"@type":"ImageObject","inLanguage":"es","@id":"https:\/\/hugorodriguez.com\/escuela\/curso-fotografia\/pack-fotografia-de-viajes-sony-master-camera-course-post-2020\/#primaryimage","url":"https:\/\/hugorodriguez.com\/escuela\/wp-content\/uploads\/2025\/12\/Pack-Luminar-NEO-Fondo-SONY-Post2020.webp","contentUrl":"https:\/\/hugorodriguez.com\/escuela\/wp-content\/uploads\/2025\/12\/Pack-Luminar-NEO-Fondo-SONY-Post2020.webp","width":696,"height":469},{"@type":"BreadcrumbList","@id":"https:\/\/hugorodriguez.com\/escuela\/curso-fotografia\/pack-fotografia-de-viajes-sony-master-camera-course-post-2020\/#breadcrumb","itemListElement":[{"@type":"ListItem","position":1,"name":"Portada","item":"https:\/\/hugorodriguez.com\/escuela\/"},{"@type":"ListItem","position":2,"name":"Tienda","item":"https:\/\/hugorodriguez.com\/escuela\/tienda\/"},{"@type":"ListItem","position":3,"name":"Pack FOTOGRAFIA de VIAJES + SONY Master Camera Course (Post-2020)"}]},{"@type":"WebSite","@id":"https:\/\/hugorodriguez.com\/escuela\/#website","url":"https:\/\/hugorodriguez.com\/escuela\/","name":"Escuela de fotograf\u00eda","description":"Escuela online de fotografia de Hugo Rodriguez","publisher":{"@id":"https:\/\/hugorodriguez.com\/escuela\/#organization"},"potentialAction":[{"@type":"SearchAction","target":{"@type":"EntryPoint","urlTemplate":"https:\/\/hugorodriguez.com\/escuela\/?s={search_term_string}"},"query-input":{"@type":"PropertyValueSpecification","valueRequired":true,"valueName":"search_term_string"}}],"inLanguage":"es"},{"@type":"Organization","@id":"https:\/\/hugorodriguez.com\/escuela\/#organization","name":"Escuela de fotograf\u00eda","url":"https:\/\/hugorodriguez.com\/escuela\/","logo":{"@type":"ImageObject","inLanguage":"es","@id":"https:\/\/hugorodriguez.com\/escuela\/#\/schema\/logo\/image\/","url":"https:\/\/hugorodriguez.com\/escuela\/wp-content\/uploads\/2023\/11\/cropped-Loho-hugorodriguez-escuela.webp","contentUrl":"https:\/\/hugorodriguez.com\/escuela\/wp-content\/uploads\/2023\/11\/cropped-Loho-hugorodriguez-escuela.webp","width":671,"height":201,"caption":"Escuela de fotograf\u00eda"},"image":{"@id":"https:\/\/hugorodriguez.com\/escuela\/#\/schema\/logo\/image\/"}}]}},"uagb_featured_image_src":{"full":["https:\/\/hugorodriguez.com\/escuela\/wp-content\/uploads\/2025\/12\/Pack-Luminar-NEO-Fondo-SONY-Post2020.webp",696,469,false],"thumbnail":["https:\/\/hugorodriguez.com\/escuela\/wp-content\/uploads\/2025\/12\/Pack-Luminar-NEO-Fondo-SONY-Post2020-150x150.webp",150,150,true],"medium":["https:\/\/hugorodriguez.com\/escuela\/wp-content\/uploads\/2025\/12\/Pack-Luminar-NEO-Fondo-SONY-Post2020-300x202.webp",300,202,true],"medium_large":["https:\/\/hugorodriguez.com\/escuela\/wp-content\/uploads\/2025\/12\/Pack-Luminar-NEO-Fondo-SONY-Post2020.webp",696,469,false],"large":["https:\/\/hugorodriguez.com\/escuela\/wp-content\/uploads\/2025\/12\/Pack-Luminar-NEO-Fondo-SONY-Post2020.webp",696,469,false],"1536x1536":["https:\/\/hugorodriguez.com\/escuela\/wp-content\/uploads\/2025\/12\/Pack-Luminar-NEO-Fondo-SONY-Post2020.webp",696,469,false],"2048x2048":["https:\/\/hugorodriguez.com\/escuela\/wp-content\/uploads\/2025\/12\/Pack-Luminar-NEO-Fondo-SONY-Post2020.webp",696,469,false],"woocommerce_thumbnail":["https:\/\/hugorodriguez.com\/escuela\/wp-content\/uploads\/2025\/12\/Pack-Luminar-NEO-Fondo-SONY-Post2020-300x200.webp",300,200,true],"woocommerce_single":["https:\/\/hugorodriguez.com\/escuela\/wp-content\/uploads\/2025\/12\/Pack-Luminar-NEO-Fondo-SONY-Post2020-600x404.webp",600,404,true],"woocommerce_gallery_thumbnail":["https:\/\/hugorodriguez.com\/escuela\/wp-content\/uploads\/2025\/12\/Pack-Luminar-NEO-Fondo-SONY-Post2020-100x100.webp",100,100,true]},"uagb_author_info":{"display_name":"Hugo Rguez","author_link":"https:\/\/hugorodriguez.com\/escuela\/author\/"},"uagb_comment_info":0,"uagb_excerpt":"Un curso de fotografia de viajes en el que Tino Soriano te explicar\u00e1 como obtener fotografias que emocionen en este videocurso de m\u00e1s de 5h. Y un curso de manejo de c\u00e1mara avanzado para modelos SONY lanzados a partir de 2020 (con el nuevo sistema de menus).","_links":{"self":[{"href":"https:\/\/hugorodriguez.com\/escuela\/wp-json\/wp\/v2\/product\/11059","targetHints":{"allow":["GET"]}}],"collection":[{"href":"https:\/\/hugorodriguez.com\/escuela\/wp-json\/wp\/v2\/product"}],"about":[{"href":"https:\/\/hugorodriguez.com\/escuela\/wp-json\/wp\/v2\/types\/product"}],"wp:featuredmedia":[{"embeddable":true,"href":"https:\/\/hugorodriguez.com\/escuela\/wp-json\/wp\/v2\/media\/11060"}],"wp:attachment":[{"href":"https:\/\/hugorodriguez.com\/escuela\/wp-json\/wp\/v2\/media?parent=11059"}],"wp:term":[{"taxonomy":"product_brand","embeddable":true,"href":"https:\/\/hugorodriguez.com\/escuela\/wp-json\/wp\/v2\/product_brand?post=11059"},{"taxonomy":"product_cat","embeddable":true,"href":"https:\/\/hugorodriguez.com\/escuela\/wp-json\/wp\/v2\/product_cat?post=11059"},{"taxonomy":"product_tag","embeddable":true,"href":"https:\/\/hugorodriguez.com\/escuela\/wp-json\/wp\/v2\/product_tag?post=11059"},{"taxonomy":"giftcard-category","embeddable":true,"href":"https:\/\/hugorodriguez.com\/escuela\/wp-json\/wp\/v2\/giftcard-category?post=11059"}],"curies":[{"name":"wp","href":"https:\/\/api.w.org\/{rel}","templated":true}]}}